o(12).
-5
Let a(j) = j**3 + 7*j**2 - j. Determine a(-7).
7
Let j(k) = k**3 + 5*k**2 + 11*k + 17. Give j(-7).
-158
Let f(m) = m**2 + 6*m + 8. Calculate f(-5).
3
Let z(x) = -2*x**3 + 10*x**2 - 20*x + 106. Give z(5).
6
Let b(i) = -4*i**2 + 3*i + 2. Give b(-1).
-5
Let r(w) = -w**2 + 24*w - 33. Give r(24).
-33
Let k(g) = g**3 - 17*g**2 + 8*g + 18. Determine k(16).
-110
Let c(r) = 2*r + 4. Give c(-4).
-4
Let p(s) = -s**3 + s**2 + 2*s. Calculate p(4).
-40
Let c(p) = 2*p**2 + 13*p - 2. Determine c(-6).
-8
Let u(d) = -41*d + 290. Determine u(7).
3
Let n(q) = 10*q - 83. What is n(7)?
-13
Let v(o) = 7*o**3 - o**2. Calculate v(1).
6
Let m(c) = 27*c + 218. What is m(-8)?
2
Let x(m) = -m**2 + 20*m - 34. What is x(18)?
2
Let v(l) = 5*l + 1. What is v(6)?
31
Let h(x) = 185*x + 1. Give h(-1).
-184
Let r(x) = -3*x - 9. Give r(-5).
6
Let h(z) = -z**2 + 14*z + 16. What is h(15)?
1
Let c(z) = -z**2 - 8*z - 5. Determine c(-4).
11
Let f(c) = 3*c + 37. What is f(-9)?
10
Let z(m) = -m**3 - 9*m**2 - 4*m - 34. What is z(-9)?
2
Let g(n) = 34*n - 1. Calculate g(-1).
-35
Let l(k) = -4*k + 68. Determine l(18).
-4
Let q(n) = -n + 4. Give q(11).
-7
Let x(v) = -v**3 - 18*v**2 - 32*v - 8. Give x(-16).
-8
Let y(z) = -2*z - 8. Give y(-4).
0
Let b(c) = -c**3 + 5*c**2 + 49*c + 4. Give b(10).
-6
Let k(b) = -11*b + 24. Give k(3).
-9
Let v(d) = 3*d**2 + 1. Give v(2).
13
Let i(v) = -3*v + 2. What is i(-4)?
14
Let p(r) = 3*r + 51. Determine p(-25).
-24
Let v(u) = 2*u + 17. Give v(-10).
-3
Let n(f) = 6*f - 21. Determine n(3).
-3
Let w(s) = -s**3 - 8*s**2 - 8*s - 3. Determine w(-7).
4
Let i(r) = -2*r**3 - 2*r**2 + 4*r + 2. Determine i(2).
-14
Let o(q) = -q**2 - 16*q - 17. Determine o(-15).
-2
Let w(s) = -s**2 - 12*s + 8. What is w(-13)?
-5
Let k(s) = -2*s**3 - 31. What is k(0)?
-31
Let j(r) = -r**2 + 2*r - 35. What is j(0)?
-35
Let x(c) = -c**3 + 8*c**2 + 33*c - 4. Determine x(11).
-4
Let u(y) = -y**2 + 20*y + 91. Determine u(24).
-5
Let t(i) = -2*i**3 - 28*i**2 - 24*i + 28. Calculate t(-13).
2
Let f(t) = t**2 - 9*t + 18. Determine f(7).
4
Let y(p) = 2*p**3 + 11*p**2 + 15*p + 16. Determine y(-4).
4
Let z(x) = -x**3 - 10*x**2 - 11*x - 3. Give z(-9).
15
Let x(c) = -c**2 - 26*c + 248. Determine x(8).
-24
Let d(c) = 25*c - 247. Calculate d(10).
3
Let s(t) = t - 9. What is s(4)?
-5
Let q(n) = 8*n**2 + 4*n - 6. Give q(-3).
54
Let b(o) = 2*o**3 + 2*o**2 - o + 1. What is b(-2)?
-5
Let b(g) = -12*g - 77. Give b(-6).
-5
Let r(m) = m + 48. Determine r(-11).
37
Let t(k) = -31*k + 1. What is t(1)?
-30
Let k(j) = 4*j**2 + 24*j + 9. Calculate k(-6).
9
Let s(b) = -b**3 - 6*b**2 + 14*b - 16. Give s(-8).
0
Let t(m) = m**3 - 9*m**2 + 6*m + 8. Determine t(8).
-8
Let o(s) = -s**2 + 18*s + 18. What is o(19)?
-1
Let l(p) = p**2 - 4*p - 9. Calculate l(0).
-9
Let y(z) = -52*z - 390. Give y(-8).
26
Let s(c) = -8*c + 151. Give s(18).
7
Let t(r) = 5*r. Calculate t(1).
5
Let z(t) = -t**3 - 13*t**2 - 29*t + 22. What is z(-10)?
12
Let c(q) = -3*q**2 + 19*q + 2. What is c(5)?
22
Let x(f) = f**2 - 25*f - 5. Give x(21).
-89
Let k(x) = x**3 + 36*x**2 + 129*x + 35. What is k(-32)?
3
Let d(j) = -2*j**2 - 25*j - 44. Calculate d(-9).
19
Let l(p) = p**3 + 15*p**2 + 25*p + 7. What is l(-13)?
20
Let m(q) = q**3 + 15*q**2 + 14*q - 1. Give m(-14).
-1
Let g(k) = 2*k**2 + k - 41. Determine g(-5).
4
Let h(r) = -5*r + 2. Determine h(2).
-8
Let a(c) = 5*c**2 - 4*c + 4. Calculate a(2).
16
Let y(g) = -43*g**3 + g**2 + g - 2. Determine y(1).
-43
Let n(i) = -6*i**2 + 53*i - 49. Give n(8).
-9
Let r(y) = y**3 + 9*y**2 - 4*y + 8. Give r(-9).
44
Let x(b) = -b**2 - 4*b + 3. What is x(-4)?
3
Let g(u) = 5*u + 19. What is g(-10)?
-31
Let g(i) = 2*i**2 - 14*i - 33. What is g(9)?
3
Let k(m) = 6*m - 1. What is k(4)?
23
Let l(g) = -g**3 - 18*g**2 - 48*g - 31. What is l(-15)?
14
Let a(d) = 6*d + 10. Calculate a(-2).
-2
Let z(v) = 2*v**2 - 12*v - 4. What is z(5)?
-14
Let u(g) = g**3 + 8*g**2 - 5*g - 7. Calculate u(-8).
33
Let a(x) = -x**3 + 19*x**2 + 19*x + 7. Give a(20).
-13
Let b(q) = q**2 + 16*q + 7. What is b(-16)?
7
Let o(p) = -p + 27. What is o(23)?
4
Let l(w) = -w**3 - 2*w**2 + 2*w + 5. Give l(-2).
1
Let w(a) = -2*a**2 + a + 2. Determine w(-1).
-1
Let a(l) = l**3 - 20*l**2 + 18*l + 13. Calculate a(19).
-6
Let w(o) = -o**3 - 6*o**2 - 6*o - 13. Determine w(-5).
-8
Let s(u) = -12*u + 133. Give s(8).
37
Let a(j) = j**3 - 12*j**2 - 11*j - 14. Calculate a(13).
12
Let s(u) = -16*u - 1. Determine s(1).
-17
Let i(g) = -2*g**3 - 10*g**2 - 6*g + 1. Give i(-3).
-17
Let k(l) = -l**2 - 38*l - 227. Calculate k(-31).
-10
Let q(w) = 6*w + 4. Give q(-2).
-8
Let l(o) = 2*o + 7. What is l(-8)?
-9
Let j(x) = 7*x**2 - 26*x - 3. Give j(4).
5
Let w(k) = -6*k**3 + k**2 - k - 2. What is w(-2)?
52
Let t(g) = g**3 - g**2 + 3. Calculate t(0).
3
Let m(n) = -7*n - 27. Give m(-5).
8
Let r(y) = 17*y - 14. What is r(-1)?
-31
Let c(b) = b**2 - 6*b - 2. What is c(6)?
-2
Let b(p) = 4*p**3 + 22*p**2 + 11*p + 6. Determine b(-5).
1
Let s(w) = w - 1. Calculate s(7).
6
Let f(u) = -u**3 - 9*u**2 + 12*u + 10. Calculate f(-10).
-10
Let v(l) = l**3 + l**2 - 2*l - 40. Determine v(0).
-40
Let l(a) = 31*a + 6. Calculate l(3).
99
Let k(h) = -h**2 + 20*h + 45. Determine k(22).
1
Let k(v) = 14*v + 8. Calculate k(-1).
-6
Let c(u) = u**3 + 5*u**2 - 7*u - 1. Calculate c(-6).
5
Let f(m) = m**3 + 13*m**2 + 11*m - 24. Calculate f(-12).
-12
Let y(v) = -2*v - 4. What is y(19)?
-42
Let k(q) = -16*q + 100. Calculate k(5).
20
Let j(s) = 4*s**2 - 3*s - 4. Give j(-1).
3
Let r(o) = -7*o**2 + 26*o - 23. Give r(7).
-184
Let l(h) = 7*h + 6. What is l(-2)?
-8
Let k(i) = -2*i + 40. Calculate k(25).
-10
Let n(d) = d**3 + 9*d**2 + 7*d - 14. Give n(-8).
-6
Let n(j) = -j**2 + 16*j - 7. What is n(15)?
8
Let m(y) = -y**2 - 17*y + 16. What is m(-19)?
-22
Let d(f) = -39*f**2 - 1. Calculate d(1).
-40
Let o(t) = -t**3 - 14*t**2 - 16*t - 49. Give o(-13).
-10
Let x(b) = b**3 + 2*b**2 + 2*b + 15. What is x(-3)?
0
Let v(k) = -2*k**3 + k**2 - 2*k + 4. What is v(-2)?
28
Let h(k) = 6*k + 28. Determine h(-5).
-2
Let l(i) = -i**3 - 8*i**2 + 10*i. Determine l(-9).
-9
Let k(j) = -2*j. Calculate k(5).
-10
Let n(g) = g**2 + 16*g + 1. What is n(-16)?
1
Let v(o) = -o**3 - 7*o**2 - 5*o - 6. Calculate v(-6).
-12
Let v(o) = -o**2 - 4*o + 13. Give v(-5).
8
Let s(o) = -o**3 - 8*o**2 + 10*o + 16. What is s(-9)?
7
Let g(l) = -l**2 - 4*l - 10. Determine g(-4).
-10
Let u(a) = -a**3 + 6*a**2 + 10*a - 5. Give u(7).
16
Let j(l) = l**3 - l**2 - l + 1. Calculate j(-1).
0
Let i(f) = -3*f - 30. Give i(-9).
-3
Let k(w) = -4*w + 3. Give k(-4).
19
Let i(r) = 14*r**3 + 3*r**2 + 20*r + 18. Give i(-1).
-13
Let a(l) = 6*l**2 - l + 3. Calculate a(4).
95
Let q(k) = -2*k**3 - 15*k**2 - 18*k + 8. What is q(-6)?
8
Let y(x) = x**3 + 10*x**2 + 10*x - 11. What is y(-8)?
37
Let m(d) = 24*d - 1106. Calculate m(46).
-2
Let b(x) = -32*x - 63. What is b(-2)?
1
Let r(c) = -c**2 - 2*c + 7. What is r(6)?
-41
Let w(o) = 2*o**2 + 14*o - 1. Give w(-8).
15
Let m(h) = h**2 + 4*h - 17. Calculate m(-6).
-5
Let a(x) = 103*x - 4. Calculate a(1).
99
Let i(h) = -2*h**2 - 5*h - 7. Calculate i(-5).
-32
Let h(v) = -2*v - 13. What is h(8)?
-29
Let a(m) = 32*m + 326. Calculate a(-10).
6
Let t(o) = o**2 - 8*o. What is t(7)?
-7
Let d(j) = 9*j**3 + 2*j**2 + 2. What is d(-2)?
-62
Let h(i) = i - 22. Calculate h(12).
-10
Let w(z) = 8*z**3 + z**2 + 4*z + 6. Give w(-2).
-62
Let l(m) = -m**2 + 14*m + 36. Calculate l(17).
-15
Let u(v) = -3*v**3 - 121*v**2 - 42*v - 81. Determine u(-40).
-1
Let y(z) = z**2 - 4*z - 1. What is y(5)?
4
Let n(c) = -2*c**2 + 13*c + 53. What is n(9)?
8
Let a(c) = -10*c + 97. Give a(9).
7
Let t(p) = p**3 + 2*p**2 - p - 4. Calculate t(-3).
-10
Let v(n) = n**3 + n**2 + 3*n - 17. Determine v(0).
-17
Let m(j) = -j**3 + 7*j**2 - 5*j + 5. Give m(6).
11
Let f(v) = v**2 + 18*v + 14. Give f(-18).
14
Let q(d) = 2*d**2 - 37*d - 50. Give q(20).
10
Let m(n) = n**3 + 24*n**2 + 23*n + 14. Give m(-23).
14
Let r(p) = p + 3. Determine r(-10).
-7
Let m(j) = -2*j**2 + 2*j + 14. Determine m(3).
2
Let g(l) = -l**3 + 6*l**2 - l + 11. Determine g(6).
5
Let l(a) = -a**3 + 6*a**2 + 7*a + 4. Calculate l(7).
4
Let l(q) = 2*q**2 + 6*q - 5. Calculate l(-5).
15
Let v(o) = -o**2 - o + 21. Determine v(0).
21
Let r(k) = -4*k - 23. Calculate r(-5).
-3
Let n(s) = 4*s**2 + 9. Calculate n(-5).
109
Let q(v) = -6*v